.
14
Suppose -6*c + 4*c = -22. Suppose c*x - 48 = 3*x. Calculate the greatest common factor of x and 18.
6
Suppose -1 = v - 9. Let f = 153 + -141. What is the highest common divisor of v and f?
4
Let q be 20/9 - (-6)/(-27). Let w(j) = -j**3 + 4*j**2 - 2*j - 1. Let v be w(3). What is the highest common divisor of v and q?
2
Let w = -2 - 0. Let o = w + 3. What is the highest common factor of o and 8?
1
Suppose 4*s - 125 = -33. Let t = s + -12. Calculate the greatest common factor of t and 11.
11
Let x = -163 - -295. Suppose s - x = -2*s. Let u be s - (0/(-2))/(-4). Calculate the highest common factor of u and 22.
22
Let t be (5 - 1) + 2/1. Let y(z) = -z**3 + 5*z**2 + 7*z + 3. Let g be y(t). What is the highest common divisor of g and 18?
9
Suppose 8*n - 16 - 136 = 0. What is the highest common factor of n and 1273?
19
Let c = -3 + 27. What is the highest common factor of c and 120?
24
Let p(q) = -13*q**2 + 62*q + 6. Let y be p(4). What is the highest common factor of y and 1081?
23
Let q = 13 + -9. Suppose -3*b - q*f = -7*f - 30, 0 = -f. Suppose -2*n = 2*d - 26, 5*d = 5*n + 12 + 23. What is the greatest common factor of b and d?
10
Suppose -1173 - 2507 = -23*b. What is the greatest common factor of 256 and b?
32
Let h(a) = -22*a - 10. Let i(t) = -2*t - 1. Let n(p) = 6*h(p) - 68*i(p). Let d be n(6). What is the highest common divisor of 8 and d?
8
Suppose 4*d - 68 = -8. Calculate the greatest common factor of d and 24.
3
Suppose 0 = -j + 5*c + 184, 3*j = -8*c + 4*c + 628. What is the highest common factor of 12 and j?
12
Suppose 0 = j + 4*b - 21, -16 = -2*j + 5*b + 26. Calculate the highest common divisor of j and 231.
21
Let x = -1050 + 1057. Suppose -3*p + 264 = 33. What is the highest common factor of p and x?
7
Let l(s) = 11*s + 109. Let m be l(-7). What is the highest common divisor of m and 112?
16
Let k be 23/((-23)/(-100))*14. What is the highest common divisor of 10 and k?
10
Let t be 1584/63 + 1/(-7). Suppose 281 - t = 2*y. Let a = -83 + y. Calculate the highest common factor of a and 30.
15
Let t be (-8)/((-8)/3) - 2/(-2). Suppose 2*l - 28 = t. What is the highest common divisor of l and 6?
2
Let o be 0 + (-186)/(-14) - 2/7. Calculate the greatest common divisor of 26 and o.
13
Let t be -4 + 156/40 - (-262)/20. What is the highest common factor of t and 1?
1
Let q be ((-3)/(-2))/((-1)/(-2)). Suppose -m = 4*b - 0*m - 44, -5*b + 55 = q*m. Suppose -307 = -6*s + 287. What is the greatest common factor of s and b?
11
Suppose 4*y - 2*y = 2*i - 278, 3*y + 385 = -5*i. Let s = y - -207. What is the greatest common divisor of s and 36?
36
Suppose -2*g + 277 = o, -4*o - 3*g = -2*g - 1101. What is the highest common divisor of 22 and o?
11
Let s be 1 - (5 + -1) - 31. Let b = s - -58. Suppose -n + 5*x - 9 = -3*n, 0 = 4*x + 12. What is the highest common divisor of b and n?
12
Let a = -5494 + 5530. Let g(b) = -2 + 2 + 3*b + b**3 - 4*b**2. Let c be g(4). What is the greatest common factor of c and a?
12
Suppose -15 + 3 = -2*o. Let l(c) = c**3 - 6*c**2 + 3*c - 3. Let h be l(o). What is the greatest common divisor of 6 and h?
3
Suppose -4*y = -5*y. Suppose 6*v - 5*k = 2*v + 62, y = 3*v + k - 56. Let l be (-45)/v*12/(-5). What is the greatest common factor of l and 30?
6
Let t be 864/15 - 5/((-125)/10). What is the greatest common divisor of 145 and t?
29
Suppose -4*z = -10*z - 96. Let q(o) = 2*o + 62. Let k be q(z). What is the highest common factor of 6 and k?
6
Let d(s) = 21*s + 20. Let c be d(8). Suppose -2*g - c = -4*k, 3*g - 198 = -4*k - 0*k. Calculate the greatest common divisor of k and 6.
6
Suppose -4*a + 150 = 5*p, 0 = p - a - a - 44. Let f(b) = -4*b**3 - 41*b**2 - 83*b. Let n be f(-2). What is the highest common divisor of p and n?
34
Suppose 3*u - 4*x = 8*u - 1767, 3*u + 3*x - 1062 = 0. What is the highest common divisor of 13 and u?
13
Let u(g) = g**2 + 5*g + 14. Let h be u(-8). Suppose 2*s + 4 = 0, h = x + x - s. Calculate the highest common factor of x and 27.
9
Let y = 51 - 33. Let u(n) = n**2 - 6*n - 1. Suppose -4*k + 4*a = -48, 10 = 3*k + a - 6. Let m be u(k). Calculate the greatest common divisor of m and y.
6
Let h be (-51)/1*(-13 + 4). Let l = -230 + h. Suppose 5*n = i + l, -2*i + 1 = 9. Calculate the greatest common factor of n and 18.
9
Let m = -121 + 130. Suppose 0 = 5*k + 15, -3*j - 5*k + 48 = -2*j. What is the highest common divisor of j and m?
9
Let h = 395 + -383. What is the highest common factor of h and 240?
12
Suppose 3*a + 105 = 3*d, 1 = a - 4. What is the highest common divisor of d and 420?
20
Let w = -7 - -12. Suppose 5*x - 112 = 6*x. Let q = -77 - x. What is the highest common divisor of w and q?
5
Let v(m) = -m**2 - m + 3. Let r = 16 - 16. Let a be v(r). Suppose -o + 0 = -a. Calculate the greatest common factor of o and 3.
3
Suppose 114 = 5*k - 2*k. Let j(p) = p**2 + 11*p + 2. Let g be j(-10). Let a = k + g. Calculate the greatest common divisor of a and 6.
6
Let x(c) = c**3 + 9*c - 4. Let y be x(3). What is the greatest common factor of y and 25?
25
Suppose 2*o = m + 11, 0 = o - 2*m - m + 7. Calculate the greatest common divisor of 96 and o.
8
Let o = -2 + 4. Let d = o - -29. Calculate the highest common factor of 31 and d.
31
Let s be (340/(-16))/((-4)/16). What is the greatest common factor of s and 935?
85
Let r be 40/6*3/(-2). Let f(w) = w + 10. Let a be f(r). Suppose a*g = 3*g - 33. Calculate the highest common factor of g and 22.
11
Let g = 137 - 118. Calculate the highest common divisor of 19 and g.
19
Let l be 247/91 - (-4)/14. What is the highest common divisor of 24 and l?
3
Let k be 49 - 47 - (1 - 169). What is the highest common factor of 40 and k?
10
Let w be (-1 - 2/(-6))*468/(-8). Suppose -z + 9 = -3*y - 2, -5*z = y - w. Calculate the highest common divisor of 8 and z.
8
Let g = -1117 + 1152. Calculate the greatest common factor of 630 and g.
35
Suppose 36*a - 63*a = -4860. What is the highest common factor of 135 and a?
45
Let i(v) = 4*v**2 - 6*v + 7. Suppose -1 + 3 = x. Let d be i(x). What is the greatest common divisor of d and 11?
11
Let r(y) = -y**2 - 22*y - 89. Let h be r(-16). What is the greatest common factor of 3766 and h?
7
Suppose -10*s - 20 = -5*s. Let f = 3 - s. Calculate the highest common divisor of f and 1.
1
Let j = 47 - 28. Let l be 1/5 - 207/(-15). Let c be 1334/l - (-10)/(-35). Calculate the highest common divisor of c and j.
19
Suppose 2*s - 85 - 185 = 0. What is the highest common divisor of 5 and s?
5
Suppose 10*h = 3213 + 1667. What is the highest common factor of h and 8?
8
Suppose 6*w - 60 = w. Suppose -4*g - 125 = -173. What is the greatest common factor of w and g?
12
Suppose -558 = -2*a + 310. Let f be -1 + (0 - 0) + (a - 15). What is the highest common divisor of 38 and f?
38
Suppose -9*l + 194 = -229. Calculate the greatest common factor of 47 and l.
47
Let g = -15 - -35. Let f(j) = -107*j + 5. Let p be f(-5). Suppose 0*n - p = -3*n. What is the greatest common divisor of g and n?
20
Let h = -2576 + 2595. Calculate the greatest common factor of h and 589.
19
Let h(n) = -n**3 - 13*n**2 - 25*n - 13. Let s be h(-11). What is the highest common divisor of s and 4?
4
Suppose 0 = 4*j - 8*j + 252. Let f = -43 + j. What is the highest common factor of f and 20?
20
Let v = 29 - 45. Let i be (-2 + 1)*(-16)/v. Let k be (-4)/(-4)*(1 - i). What is the greatest common factor of k and 16?
2
Let t(s) = s**2 - s + 6. Let h be t(5). Let c = 37 - h. Suppose w = 11 - 0. What is the greatest common divisor of c and w?
11
Let v(r) = 6*r**2 + r - 4. Let o be v(-4). Suppose 133*i = 154*i - 168. Calculate the greatest common factor of o and i.
8
Let z = -24 - -2. Let t be (-4)/z + (-1216)/(-88). What is the highest common factor of 7 and t?
7
Let p be 41 - -1 - (-12)/(6/2). Let f = p - 21. Suppose -2*m = 2*a + 3*m - 165, -3*m = -9. Calculate the greatest common divisor of a and f.
25
Suppose 0 = -4*p - p + 10. Suppose 8 = -0*g - 4*g, p*g = 2*y - 34. Let j be -1 + 2 - 0 - -9. Calculate the highest common factor of y and j.
5
Let v = 26 - 16. Let t = 37 + -31. Suppose -4*x = -8, 0*x - 2*x + t = f. Calculate the greatest common factor of f and v.
2
Suppose 0 = 9*p - 24*p + 3240. What is the highest common factor of p and 504?
72
Let y be 1/(2/(-28)*-1). Let v = y - 12. Let t be (0 + v)*(-36)